ate the remainder when v is divided by ((-10)/(120/(-6)))/(2/40).
7
Let k(n) = 11 + 5*n - 6 - n**2 + 5. Let g be k(6). Let y(u) = -u**2 + 6*u - 2. Calculate the remainder when 41 is divided by y(g).
5
Let v(l) = -l**3 + l**2 + 4. Let f = -6 + 6. What is the remainder when (-60)/21*(-35)/10 is divided by v(f)?
2
Let s(r) = -r**3 - 28*r**2 - 6*r + 54. What is the remainder when s(-28) is divided by 45?
42
Suppose -3*x + 31 = -2*w, -x + 40 = 3*x - 3*w. Let f = 1 - -11. Suppose 4*r - 135 = d - 4*d, -4*r = f. Calculate the remainder when d is divided by x.
10
Let f(q) = -q**3 + 7*q**2 - 6*q - 2. Let a be f(6). Calculate the remainder when 28 is divided by -1 - 32/a - (0 - 0).
13
Let h(u) = -u**2 + 11*u + 29. What is the remainder when h(13) is divided by 2?
1
Let u be 382/(-18) + (-8)/(-36). Let n = u + 32. Calculate the remainder when 32 is divided by n.
10
Let q(t) = -t**3 - 6*t**2 - 11*t + 17. Calculate the remainder when q(-7) is divided by 30.
23
Suppose -2*p = -7*p + 3*l + 251, l - 47 = -p. Suppose -10*t - 4 + 134 = 0. Calculate the remainder when p is divided by 3*((-2)/6*t)/(-1).
10
Let l(r) = r + 45. Calculate the remainder when 35 is divided by l(-18).
8
Suppose -27*p + 6*p + 735 = 0. What is the remainder when 138 is divided by p?
33
Suppose 5*j = 4*z + 31, -4*z = -7*z + 3*j - 21. Let c = 133 + -61. What is the remainder when c is divided by (25/z)/(8/(-32))?
22
Let u(g) = g**2 - 6*g + 2. Let s be u(6). Suppose -2*y - s*y = -220. What is the remainder when y is divided by (8 - 4)*95/20?
17
Let m = -483 + 507. What is the remainder when 71 is divided by m?
23
Suppose 5*m + 5*m = 360. What is the remainder when (0 + -1)*(-143 - -1) is divided by m?
34
Let o(m) = -m**3 + 14*m**2 - 14*m + 15. Let i be o(13). Suppose -i*z = 2*z - 104. Let t = 33 + -19. Calculate the remainder when z is divided by t.
12
Let u(y) = y**3 - 14*y**2 + 32. What is the remainder when 86 is divided by u(14)?
22
Suppose 0 = -4*x - 3*i - 3 + 23, -15 = -3*x + 4*i. Let a be 0 + 0 + 9 + 3. Let h = a - 4. What is the remainder when h is divided by x?
3
Let w = 746 - 654. Calculate the remainder when w is divided by 19.
16
Let t(j) = 2*j - 13. Let a be t(9). Suppose 0*f + 134 = 2*f - 4*s, 0 = 5*s + a. Calculate the remainder when f is divided by 17.
14
Let o = 55 - 34. Let z = -1606 + 1614. What is the remainder when o is divided by z?
5
Suppose 30*f = 26*f + 220. Calculate the remainder when (714/10 + (-3)/(-5))*3 is divided by f.
51
Let o = -13 + 17. Suppose 9*l = 11*l + o. What is the remainder when (l/4)/(20/(-1440)) is divided by 13?
10
Let x = -281 - -441. Suppose -4*b = 2*r - x, 2*r - 118 = -8*b + 5*b. What is the remainder when 83 is divided by b?
41
Let l be 9/(-2)*8/(-12). Suppose 137 + 40 = l*t. Let m = -432 - -463. What is the remainder when t is divided by m?
28
What is the remainder when 64 is divided by (561/(-85))/(6/(-20))?
20
Suppose 13*m = 12*m - 2. What is the remainder when 124 is divided by 6 - 4 - ((-1 - m) + -15)?
12
Let z(t) = 31*t**3 - t**2 + 2*t - 2. Let j be (-1)/4 - (-270)/24. Suppose -44 = -4*d - 2*n - n, 2*n + j = d. Calculate the remainder when z(1) is divided by d.
8
Let w(v) = 15*v - 224. What is the remainder when 2463 is divided by w(16)?
15
Let b = 466 - 441. What is the remainder when 61 is divided by b?
11
Let x = -136 + 61. Let a = -65 - x. What is the remainder when 78 is divided by a?
8
Calculate the remainder when (-18 - 65)/(-2 + 1) is divided by 21.
20
Let h be (-5)/(-2)*2*-1. Let m be (968/33)/(2/(-12)*-2). What is the remainder when (-10)/(-25) - m/h is divided by 11?
7
Let o = 64 - 122. Let t = 116 + o. What is the remainder when t is divided by 30?
28
Let z(y) = y**2 - 14*y - 134. What is the remainder when (3 - 4) + 1 + 33 is divided by z(-7)?
7
Let m be 7/(-14) + (-55)/(-2). Let t be (7 - -2)*6/m. What is the remainder when 111 is divided by ((-7)/t)/(3/(-12))?
13
Let q(m) = -m + 28. Suppose -5*i + 2*f + 81 = 0, 5*i - 3*f = 24 + 60. Calculate the remainder when (34/6)/((-1)/(-9)) is divided by q(i).
12
Suppose 0 = 7*z - 2*z + 85. Let c = -10 - z. Suppose -60 = n - 4*n. Calculate the remainder when n is divided by c.
6
Suppose 11*c - 93 + 5 = 0. What is the remainder when 18 is divided by c?
2
Let m(b) = 40*b + 4. Calculate the remainder when m(4) is divided by (-1 - (-27)/15) + ((-843)/(-15) - 15).
38
Suppose 0 = -5*h + 3*h + 456. Suppose 3*g - h = -g. Suppose -3 - 12 = -j. What is the remainder when g is divided by j?
12
What is the remainder when 77 is divided by (-145)/(-8) + (-2)/80*5?
5
Let m(a) = -6*a**2 - 50*a - 3. Calculate the remainder when 375 is divided by m(-8).
11
Let c be (-2)/10 - (1480/(-25) - -2). What is the remainder when 0 + c + 3 + -1 is divided by 20?
19
Suppose -249 = -5*w - 2*n, 5*w + 8*n - 10*n - 241 = 0. What is the remainder when 129 is divided by w?
31
Let s(l) = 23*l**2 + 11*l - 31. What is the remainder when s(7) is divided by 42?
39
Suppose 0 = j + 4*j - 45. Let v = j - -1. Calculate the remainder when 17 is divided by v.
7
Let d(k) = -2 + 4*k + 18*k**2 + 0*k**2 - k. What is the remainder when 55 is divided by d(1)?
17
Let c(o) = o**2 + 4*o. Let h be c(-5). Suppose -4*y + 69 = h*a, -2*a = y + y - 34. What is the remainder when 28 is divided by 2/y - 1016/(-64)?
12
Let u(s) = -4*s**2 + 56*s + 20. Calculate the remainder when u(13) is divided by 27.
18
Let x(q) = 4*q**2 - 3*q + 61. Calculate the remainder when x(13) is divided by 100.
98
Let a = -957 + 1003. What is the remainder when 181 is divided by a?
43
Calculate the remainder when 15146/30 - 4*(-2)/60 is divided by 85.
80
Suppose 4*u - 60 = -2*j, 0*u - 5*u + 3*j + 75 = 0. What is the remainder when (-7)/1*(8 + -12) is divided by u?
13
Let c(p) = -36*p + 3. Suppose -8*r - h + 84 = -5*r, 3*r - 3*h - 84 = 0. What is the remainder when c(-3) is divided by r?
27
Let h(i) = -6*i**2 - 25*i + 0*i**2 + 5*i**2 + 42 + 2*i**2. Calculate the remainder when h(24) is divided by 13.
5
Let i(n) = 7*n + 3. Calculate the remainder when 5/((-35)/(-3)) + 5958/63 is divided by i(3).
23
Suppose 2*b = 27 + 475. What is the remainder when b is divided by 65?
56
Let j(g) = -11*g - 182. What is the remainder when j(-23) is divided by 24?
23
Let b(k) = 2*k**3 + 5*k**2 - 5*k - 6. Let v be b(-3). Suppose v = -6*f + 130 + 74. What is the remainder when f is divided by 18?
16
Let k = -281 + 290. What is the remainder when 58 is divided by k?
4
Let p be (-3)/2 + (-8)/(-16). Calculate the remainder when ((-26)/(-10) + p)*(3 + 12) is divided by 14.
10
Let m(k) = 80*k + 24. Let c(z) = -16*z - 5. Let w(n) = -14*c(n) - 3*m(n). Let v(y) = 5*y - 26. What is the remainder when w(-3) is divided by v(10)?
22
Let d = -248 - -278. Calculate the remainder when 85 is divided by d.
25
Let j = -139 + 61. Let l = 90 + j. What is the remainder when 21 is divided by l?
9
Suppose 4*m = 155 - 31. Let a = m + -10. Suppose -3 = -4*c + 325. Calculate the remainder when c is divided by a.
19
What is the remainder when (-3 - ((-746)/2 - 4)) + -1 is divided by 94?
91
What is the remainder when (104/78)/(2/426) is divided by 72?
68
Let f be ((-8)/3)/((-22)/(-33)). Calculate the remainder when 17 is divided by ((-2)/f)/((-1)/(-14)).
3
Let t(s) = s**3 + 8*s**2 - 10*s - 2. Let l be t(-9). Suppose 8 = -6*x + l*x. Calculate the remainder when 18 is divided by x.
2
Let b(f) = -f**2 + 5. Let d be b(0). Suppose 120 = v + d*v. Suppose -n + 4*n + 6 = 0, 2*n + v = 4*p. What is the remainder when 7 is divided by p?
3
Let f be 38 - (4 + -2) - 4. Suppose 2*g = -f + 116. Calculate the remainder when g is divided by 22.
20
Suppose -12*z + 112 = -464. What is the remainder when 142 is divided by z?
46
Let q = 9 - 3. Suppose -r + 2*r - 29 = 0. What is the remainder when r is divided by q?
5
Let i = -1841 + 1931. What is the remainder when i is divided by 10?
0
Let u(t) = 3*t**2 - 9*t - 8. Let y be u(-6). Let l = -139 + 144. Suppose 6 = l*a - y. Calculate the remainder when a is divided by 17.
15
Let j be (-8)/(-2)*(-18)/(-72). Calculate the remainder when (-3)/(-6) - 79/(-2) is divided by j*-21*(-3 + (-70)/(-30)).
12
Let d = 604 - 472. What is the remainder when d is divided by 9?
6
Suppose q - 20 = -2*z - 3*z, -5*q + 37 = 4*z. Calculate the remainder when 16 is divided by -4 + z*2/3 - -5.
1
Suppose 5*q + 3*v -